{"id":23,"date":"2016-02-12T08:12:49","date_gmt":"2016-02-12T08:12:49","guid":{"rendered":"http:\/\/demos.famethemes.com\/onepress\/?page_id=23"},"modified":"2022-10-08T05:58:40","modified_gmt":"2022-10-08T05:58:40","slug":"service-title-1","status":"publish","type":"page","link":"https:\/\/coracommunication.com\/2\/tr\/service-title-1\/","title":{"rendered":"Kriz Refleksi E\u011fitimi"},"content":{"rendered":"<p><span style=\"font-family: Trebuchet MS, serif;\">Bir\u00e7ok ileti\u015fim krizini tetikleyen unsur, kurumlar\u0131n kriz refleksinin yoksunlu\u011fundan kaynaklan\u0131r.<\/span><\/p>\n<p><span style=\"font-family: Trebuchet MS, serif;\">Genelde, bir ileti\u015fim krizini tetikleyen kurum \u00e7al\u0131\u015fan\u0131, basit bir c\u00fcmle ya da tav\u0131r ile ba\u015flatt\u0131\u011f\u0131 olumsuz durum kar\u015f\u0131s\u0131nda \u00e7ok \u015fa\u015f\u0131r\u0131r. Hatta kopar\u0131lan f\u0131rt\u0131naya kar\u015f\u0131 haks\u0131zl\u0131\u011fa u\u011frad\u0131\u011f\u0131n\u0131 d\u00fc\u015f\u00fcn\u00fcp hiddetlenir.<\/span><\/p>\n<p><span style=\"font-family: Trebuchet MS, serif;\">\u0130\u015fin do\u011frusu, \u00e7al\u0131\u015fanlar, s\u00f6yledikleri her c\u00fcmle ya da davran\u0131\u015f ile kurumu temsil ettiklerini yeterince fark\u0131nda olmayabilirler.<\/span><\/p>\n<p><span style=\"font-family: Trebuchet MS, serif;\">Cora Communications olarak, ileti\u015fim krizini y\u00f6netmenin en do\u011fru yolunun hi\u00e7 olu\u015fmamas\u0131n\u0131 sa\u011flamak oldu\u011funu d\u00fc\u015f\u00fcn\u00fcyoruz.<\/span><\/p>\n<p><span style=\"font-family: Trebuchet MS, serif;\">Verdi\u011fimiz <\/span><span style=\"font-family: Trebuchet MS, serif;\">Kriz Refleksi E\u011fitimi<\/span><b> <\/b><span style=\"font-family: Trebuchet MS, serif;\">ile bir ileti\u015fim krizinin nas\u0131l \u015fekillendi\u011fi bilincini olu\u015fturuyoruz. \u00c7ok say\u0131da \u015fa\u015f\u0131rt\u0131c\u0131 \u00f6rne\u011fi sergiledi\u011fimiz \u00e7al\u0131\u015fmam\u0131zda ileti\u015fim kodlar\u0131n\u0131 aktar\u0131yoruz. B\u00f6ylece, krizi olu\u015fturabilecek tav\u0131rlara engel oluyor, engellenemeyen krizlerde ise nas\u0131l yakla\u015f\u0131m g\u00f6sterilece\u011fini aktar\u0131yoruz.<\/span><\/p>\n","protected":false},"excerpt":{"rendered":"<p>Bir\u00e7ok ileti\u015fim krizini tetikleyen unsur, kurumlar\u0131n kriz refleksinin yoksunlu\u011fundan kaynaklan\u0131r.<\/p>\n<p>Genelde, bir ileti\u015fim krizini tetikleyen kurum \u00e7al\u0131\u015fan\u0131, basit bir c\u00fcmle ya da tav\u0131r ile ba\u015flatt\u0131\u011f\u0131 olumsuz durum kar\u015f\u0131s\u0131nda \u00e7ok \u015fa\u015f\u0131r\u0131r. Hatta kopar\u0131lan f\u0131rt\u0131naya kar\u015f\u0131 haks\u0131zl\u0131\u011fa u\u011frad\u0131\u011f\u0131n\u0131 d\u00fc\u015f\u00fcn\u00fcp hiddetlenir.(devam\u0131)<\/p>\n","protected":false},"author":1,"featured_media":0,"parent":0,"menu_order":0,"comment_status":"closed","ping_status":"closed","template":"","meta":{"footnotes":""},"class_list":["post-23","page","type-page","status-publish","hentry"],"_links":{"self":[{"href":"https:\/\/coracommunication.com\/2\/wp-json\/wp\/v2\/pages\/23","targetHints":{"allow":["GET"]}}],"collection":[{"href":"https:\/\/coracommunication.com\/2\/wp-json\/wp\/v2\/pages"}],"about":[{"href":"https:\/\/coracommunication.com\/2\/wp-json\/wp\/v2\/types\/page"}],"author":[{"embeddable":true,"href":"https:\/\/coracommunication.com\/2\/wp-json\/wp\/v2\/users\/1"}],"replies":[{"embeddable":true,"href":"https:\/\/coracommunication.com\/2\/wp-json\/wp\/v2\/comments?post=23"}],"version-history":[{"count":4,"href":"https:\/\/coracommunication.com\/2\/wp-json\/wp\/v2\/pages\/23\/revisions"}],"predecessor-version":[{"id":1732,"href":"https:\/\/coracommunication.com\/2\/wp-json\/wp\/v2\/pages\/23\/revisions\/1732"}],"wp:attachment":[{"href":"https:\/\/coracommunication.com\/2\/wp-json\/wp\/v2\/media?parent=23"}],"curies":[{"name":"wp","href":"https:\/\/api.w.org\/{rel}","templated":true}]}}