{"id":1601,"date":"2013-11-15T05:41:58","date_gmt":"2013-11-15T10:41:58","guid":{"rendered":"http:\/\/www.coracommunication.com\/?page_id=55"},"modified":"2022-09-09T09:05:18","modified_gmt":"2022-09-09T09:05:18","slug":"ulasim-bilgileri-ve-harita","status":"publish","type":"page","link":"https:\/\/coracommunication.com\/2\/tr\/iletisim\/ulasim-bilgileri-ve-harita\/","title":{"rendered":"Ula\u015f\u0131m Bilgileri ve Harita"},"content":{"rendered":"<p style=\"text-align: center;\">Hizmetlerimiz ile ilgileniyorsan\u0131z l\u00fctfen Kamuran C. G\u00fclcen ile a\u015fa\u011f\u0131da yer alan ileti\u015fim detaylar\u0131n\u0131 kullanarak temasa ge\u00e7iniz:<\/p>\n<p style=\"text-align: center;\">Email: <strong>kamuran.gulcen@coracommunications.com <\/strong>Cell:<strong> +90 533 540 25 64<\/strong><\/p>\n<p style=\"text-align: center;\">\u015eirketimiz Ka\u011f\u0131thane\u2019de kolayl\u0131kla ula\u015f\u0131labilir bir merkezdedir. Toplu ta\u015f\u0131ma ara\u00e7lar\u0131 ile ula\u015fmak istiyorsan\u0131z Bilgi \u00dcniversitesi Santral \u0130stanbul Kamp\u00fcs\u00fc&#8217;nden ge\u00e7en t\u00fcm ara\u00e7lar \u00f6n\u00fcm\u00fczden ge\u00e7mektedir. Ara\u00e7 ile geliyorsan\u0131z TEM Okmeydan\u0131 \u00e7\u0131k\u0131\u015f\u0131n\u0131 se\u00e7iniz. Ka\u011f\u0131thane S\u00fctl\u00fcce \u00e7\u0131k\u0131\u015f\u0131ndan \u00e7\u0131k\u0131n\u0131z. Kar\u015f\u0131n\u0131za gelen kav\u015fakta tam kar\u015f\u0131n\u0131za denk geliyoruz. Binam\u0131za, Aytemiz Petrol&#8217;\u00fcn yan\u0131ndaki merdivenden yukar\u0131 \u00e7\u0131karak ula\u015fabilir ya da merdivenin \u00fcst\u00fcne ara\u00e7 ile ula\u015fabilrsiniz. Binam\u0131z\u0131n kav\u015fa\u011fa bakan cephesinde \u00fcst kat kom\u015fumuz olan CNN \u0130n\u015faat&#8217;\u0131n tabelas\u0131 var.<\/p>\n<p style=\"text-align: center;\"><strong>Cora Communications<\/strong> <strong> Tel: +90 (212) 210 19 35&nbsp;Mehmet Akif Ersoy Mahallesi&nbsp;&nbsp;Ferda Sokak &nbsp;No: 1-B Ka\u011f\u0131thane 34400&nbsp;&nbsp;\u0130stanbul<\/strong><\/p>\n<p><iframe src=\"https:\/\/www.google.com\/maps\/embed?pb=!1m18!1m12!1m3!1d3008.293760993875!2d28.948872314205907!3d41.06257097929524!2m3!1f0!2f0!3f0!3m2!1i1024!2i768!4f13.1!3m3!1m2!1s0x14cab0cc99889495%3A0x58c3dad596ad26ce!2sCora%20Communications!5e0!3m2!1sen!2str!4v1662714220279!5m2!1sen!2str\" style=\"border:0;\" allowfullscreen=\"\" loading=\"lazy\" referrerpolicy=\"no-referrer-when-downgrade\" width=\"600\" height=\"450\"><\/iframe><\/p>\n","protected":false},"excerpt":{"rendered":"<p>Hizmetlerimiz ile ilgileniyorsan\u0131z l\u00fctfen Kamuran C. G\u00fclcen ile a\u015fa\u011f\u0131da yer alan ileti\u015fim detaylar\u0131n\u0131 kullanarak temasa ge\u00e7iniz: Email: kamuran.gulcen@coracommunications.com Cell: +90 533 540 25 64 \u015eirketimiz Ka\u011f\u0131thane\u2019de kolayl\u0131kla ula\u015f\u0131labilir bir merkezdedir. &#8230;<\/p>\n","protected":false},"author":1,"featured_media":0,"parent":1597,"menu_order":0,"comment_status":"closed","ping_status":"closed","template":"","meta":{"footnotes":""},"class_list":["post-1601","page","type-page","status-publish","hentry"],"_links":{"self":[{"href":"https:\/\/coracommunication.com\/2\/wp-json\/wp\/v2\/pages\/1601","targetHints":{"allow":["GET"]}}],"collection":[{"href":"https:\/\/coracommunication.com\/2\/wp-json\/wp\/v2\/pages"}],"about":[{"href":"https:\/\/coracommunication.com\/2\/wp-json\/wp\/v2\/types\/page"}],"author":[{"embeddable":true,"href":"https:\/\/coracommunication.com\/2\/wp-json\/wp\/v2\/users\/1"}],"replies":[{"embeddable":true,"href":"https:\/\/coracommunication.com\/2\/wp-json\/wp\/v2\/comments?post=1601"}],"version-history":[{"count":2,"href":"https:\/\/coracommunication.com\/2\/wp-json\/wp\/v2\/pages\/1601\/revisions"}],"predecessor-version":[{"id":1712,"href":"https:\/\/coracommunication.com\/2\/wp-json\/wp\/v2\/pages\/1601\/revisions\/1712"}],"up":[{"embeddable":true,"href":"https:\/\/coracommunication.com\/2\/wp-json\/wp\/v2\/pages\/1597"}],"wp:attachment":[{"href":"https:\/\/coracommunication.com\/2\/wp-json\/wp\/v2\/media?parent=1601"}],"curies":[{"name":"wp","href":"https:\/\/api.w.org\/{rel}","templated":true}]}}