{"id":1574,"date":"2022-04-28T15:41:52","date_gmt":"2022-04-28T15:41:52","guid":{"rendered":"https:\/\/coracommunication.com\/2\/?page_id=1574"},"modified":"2022-06-08T07:52:37","modified_gmt":"2022-06-08T07:52:37","slug":"etkinlik-ve-proje-yonetimi","status":"publish","type":"page","link":"https:\/\/coracommunication.com\/2\/tr\/yetkinlikler\/etkinlik-ve-proje-yonetimi\/","title":{"rendered":"Etkinlik ve Proje Y\u00f6netimi"},"content":{"rendered":"<p>Etkinlik ve projelerin kurumunuzun i\u015f hedeflerine katk\u0131 sa\u011flayacak bir alg\u0131 olu\u015fturmas\u0131 gerekti\u011fini d\u00fc\u015f\u00fcn\u00fcyoruz. Yarat\u0131c\u0131l\u0131\u011f\u0131m\u0131z\u0131 ortaya koyarken ileti\u015fimin bir b\u00fct\u00fcn oldu\u011fu ger\u00e7e\u011finden hareket ediyoruz. Sekt\u00f6r\u00fcn\u00fcz ve kurumunuzun i\u015f ger\u00e7eklerine uygun yap\u0131labilir projeler \u00fcretiyoruz.<\/p>\n<p>Operasyonel k\u0131sm\u0131n\u0131 yapmasak bile y\u00f6netimini \u00fcstlenebiliyoruz.<\/p>\n","protected":false},"excerpt":{"rendered":"<p>Etkinlik ve projelerin kurumunuzun i\u015f hedeflerine katk\u0131 sa\u011flayacak bir alg\u0131 olu\u015fturmas\u0131 gerekti\u011fini d\u00fc\u015f\u00fcn\u00fcyoruz. Yarat\u0131c\u0131l\u0131\u011f\u0131m\u0131z\u0131 ortaya koyarken ileti\u015fimin bir b\u00fct\u00fcn oldu\u011fu ger\u00e7e\u011finden hareket ediyoruz. Sekt\u00f6r\u00fcn\u00fcz ve kurumunuzun i\u015f ger\u00e7eklerine uygun yap\u0131labilir &#8230;<\/p>\n","protected":false},"author":3,"featured_media":0,"parent":1593,"menu_order":2,"comment_status":"closed","ping_status":"closed","template":"","meta":{"footnotes":""},"class_list":["post-1574","page","type-page","status-publish","hentry"],"_links":{"self":[{"href":"https:\/\/coracommunication.com\/2\/wp-json\/wp\/v2\/pages\/1574","targetHints":{"allow":["GET"]}}],"collection":[{"href":"https:\/\/coracommunication.com\/2\/wp-json\/wp\/v2\/pages"}],"about":[{"href":"https:\/\/coracommunication.com\/2\/wp-json\/wp\/v2\/types\/page"}],"author":[{"embeddable":true,"href":"https:\/\/coracommunication.com\/2\/wp-json\/wp\/v2\/users\/3"}],"replies":[{"embeddable":true,"href":"https:\/\/coracommunication.com\/2\/wp-json\/wp\/v2\/comments?post=1574"}],"version-history":[{"count":2,"href":"https:\/\/coracommunication.com\/2\/wp-json\/wp\/v2\/pages\/1574\/revisions"}],"predecessor-version":[{"id":1610,"href":"https:\/\/coracommunication.com\/2\/wp-json\/wp\/v2\/pages\/1574\/revisions\/1610"}],"up":[{"embeddable":true,"href":"https:\/\/coracommunication.com\/2\/wp-json\/wp\/v2\/pages\/1593"}],"wp:attachment":[{"href":"https:\/\/coracommunication.com\/2\/wp-json\/wp\/v2\/media?parent=1574"}],"curies":[{"name":"wp","href":"https:\/\/api.w.org\/{rel}","templated":true}]}}